culate the highest common factor of 889 and 7.
7
What is the greatest common divisor of 14351 and 127?
127
Calculate the greatest common divisor of 220 and 352.
44
Calculate the greatest common factor of 10 and 39200.
10
What is the highest common factor of 22824 and 72?
72
What is the highest common divisor of 92 and 30452?
92
What is the greatest common factor of 217 and 3937?
31
What is the greatest common factor of 129 and 344?
43
Calculate the greatest common factor of 76 and 11894.
38
Calculate the greatest common factor of 15729 and 21.
21
What is the greatest common factor of 64 and 352?
32
Calculate the greatest common divisor of 75 and 10365.
15
What is the highest common divisor of 256 and 25408?
64
Calculate the greatest common factor of 3718 and 22.
22
What is the highest common divisor of 2360 and 40?
40
What is the greatest common divisor of 43 and 6364?
43
Calculate the highest common divisor of 73 and 1168.
73
What is the highest common factor of 1003 and 59?
59
What is the highest common factor of 1825 and 219?
73
Calculate the greatest common factor of 100 and 75.
25
Calculate the greatest common divisor of 4690 and 1540.
70
What is the greatest common factor of 66 and 24?
6
Calculate the greatest common divisor of 11 and 352.
11
What is the highest common divisor of 380 and 20?
20
What is the greatest common factor of 1 and 241?
1
What is the highest common divisor of 14 and 1918?
14
Calculate the greatest common factor of 108 and 25083.
27
Calculate the greatest common factor of 880 and 5.
5
Calculate the highest common divisor of 68 and 2176.
68
What is the highest common factor of 605 and 165?
55
What is the greatest common divisor of 23 and 989?
23
Calculate the highest common divisor of 549 and 5856.
183
What is the highest common factor of 9779 and 231?
77
What is the greatest common divisor of 2205 and 45?
45
Calculate the highest common factor of 5 and 45.
5
Calculate the greatest common factor of 1547 and 6851.
221
Calculate the greatest common divisor of 3484 and 416.
52
Calculate the highest common divisor of 55 and 11.
11
Calculate the greatest common divisor of 20 and 1740.
20
What is the greatest common factor of 2 and 46?
2
Calculate the greatest common divisor of 4 and 4.
4
Calculate the highest common factor of 92 and 644.
92
Calculate the greatest common factor of 77 and 126.
7
Calculate the greatest common divisor of 2108 and 68.
68
What is the greatest common divisor of 45 and 18?
9
What is the highest common factor of 32 and 160?
32
What is the highest common divisor of 8063 and 11?
11
What is the highest common divisor of 246 and 3813?
123
What is the highest common divisor of 438 and 6?
6
What is the highest common factor of 3040 and 560?
80
What is the highest common factor of 1629 and 18?
9
What is the greatest common factor of 3661 and 21?
7
What is the highest common divisor of 2 and 50?
2
Calculate the highest common factor of 80 and 20.
20
What is the highest common factor of 36978 and 6?
6
What is the highest common factor of 2940 and 24?
12
What is the highest common factor of 12 and 321?
3
Calculate the greatest common divisor of 1188 and 2484.
108
What is the highest common divisor of 1749 and 106?
53
Calculate the highest common factor of 126 and 3234.
42
Calculate the greatest common factor of 126 and 399.
21
Calculate the greatest common divisor of 29 and 32393.
29
Calculate the greatest common divisor of 808 and 16.
8
What is the highest common factor of 309 and 12?
3
What is the greatest common factor of 819 and 63?
63
Calculate the highest common factor of 4743 and 9.
9
What is the greatest common divisor of 190 and 10?
10
Calculate the highest common factor of 128 and 16.
16
Calculate the greatest common divisor of 963 and 9.
9
Calculate the highest common factor of 133 and 5719.
133
Calculate the greatest common factor of 20 and 2092.
4
Calculate the greatest common factor of 1230 and 70.
10
Calculate the greatest common factor of 35 and 295.
5
What is the highest common divisor of 563 and 1?
1
What is the greatest common factor of 2997 and 81?
81
What is the highest common divisor of 102 and 561?
51
Calculate the highest common factor of 343 and 2.
1
What is the greatest common divisor of 143 and 11?
11
What is the highest common divisor of 84 and 525?
21
What is the highest common divisor of 67 and 1273?
67
What is the greatest common factor of 133 and 38?
19
What is the highest common divisor of 1196 and 52?
52
What is the greatest common factor of 528 and 12936?
264
What is the greatest common factor of 8 and 166?
2
Calculate the greatest common factor of 58 and 203.
29
Calculate the highest common divisor of 27045 and 360.
45
Calculate the highest common factor of 492 and 30.
6
Calculate the highest common divisor of 666 and 296.
74
Calculate the greatest common factor of 1219 and 161.
23
Calculate the highest common divisor of 24 and 1808.
8
What is the highest common factor of 15 and 7545?
15
Calculate the highest common factor of 4654 and 6802.
358
Calculate the greatest common divisor of 7785 and 45.
45
Calculate the greatest common divisor of 56 and 7532.
28
Calculate the greatest common divisor of 2010 and 60.
30
Calculate the greatest common divisor of 6 and 11.
1
Calculate the highest common divisor of 72 and 900.
36
Calculate the highest common divisor of 210 and 20.
10
What is the greatest common factor of 2 and 4?
2
What is the greatest common factor of 10 and 440?
10
Calculate the highest common factor of 154 and 280.
14
Calculate the greatest common divisor of 22 and 649.
11
What is the greatest common factor of 207 and 99?
9
Calculate the greatest common divisor of 32 and 48.
16
Calculate the greatest common factor of 4090 and 20.
10
What is the highest common divisor of 273 and 429?
39
What is the highest common divisor of 22 and 649?
11
Calculate the greatest common factor of 142 and 2.
2
Calculate the greatest common factor of 50 and 3550.
50
What is the greatest common factor of 36 and 52?
4
What is the greatest common factor of 5174 and 26?
26
Calculate the highest common factor of 104 and 143.
13
What is the highest common divisor of 112 and 40?
8
What is the highest common factor of 608 and 228?
76
What is the greatest common factor of 10332 and 504?
252
Calculate the highest common factor of 52 and 8788.
52
Calculate the greatest common divisor of 3115 and 35.
35
Calculate the highest common divisor of 6 and 16482.
6
Calculate the highest common factor of 10 and 98.
2
What is the highest common divisor of 1023 and 858?
33
Calculate the highest common factor of 28466 and 172.
86
Calculate the greatest common divisor of 27 and 39.
3
What is the highest common factor of 189 and 399?
21
Calculate the greatest common divisor of 396 and 162.
18
What is the greatest common factor of 204 and 6?
6
Calculate the greatest common divisor of 104 and 8424.
104
What is the greatest common divisor of 448 and 112?
112
What is the greatest common divisor of 30 and 39?
3
Calculate the greatest common divisor of 28 and 96.
4
What is the highest common factor of 36 and 288?
36
Calculate the greatest common factor of 17575 and 475.
475
Calculate the greatest common factor of 2359 and 35.
7
What is the greatest common divisor of 25 and 925?
25
Calculate the greatest common divisor of 275 and 517.
11
Calculate the greatest common factor of 49501 and 59.
59
What is the greatest common divisor of 1938 and 418?
38
What is the greatest common factor of 980 and 20?
20
What is the highest common divisor of 60 and 19060?
20
What is the greatest common factor of 21 and 291?
3
What is the highest common factor of 814 and 44?
22
Calculate the highest common factor of 935 and 425.
85
What is the highest common divisor of 108 and 24?
12
What is the greatest common factor of 217 and 496?
31
What is the greatest common divisor of 9 and 576?
9
What is the greatest common divisor of 3 and 11?
1
What is the greatest common divisor of 8 and 568?
8
Calculate the greatest common divisor of 99 and 27.
9
What is the highest common factor of 774 and 36?
18
Calculate the greatest common divisor of 804 and 3886.
134
What is the greatest common factor of 736 and 138?
46
What is the greatest common fac